
Is 4338611 a prime number?
False
Is 2200053 composite?
True
Is 6437239 composite?
False
Is 29093899 composite?
False
Is 192760031 composite?
False
Is 15923659 composite?
True
Is 22706443 prime?
True
Is 27060707 composite?
False
Is 1137691 a prime number?
False
Is 39582899 a composite number?
False
Is 639833 a prime number?
True
Is 230868637 composite?
False
Is 92255459 composite?
True
Is 1175772557 a composite number?
True
Is 1433539 a composite number?
False
Is 10776601 composite?
True
Is 19052399 a prime number?
True
Is 8255363 composite?
False
Is 5695955 composite?
True
Is 7648819 a prime number?
False
Is 52591533 prime?
False
Is 11336903 a composite number?
False
Is 4433749 composite?
True
Is 30021617 prime?
True
Is 507533 a composite number?
True
Is 18884759 composite?
False
Is 2469849 a prime number?
False
Is 1029919 prime?
False
Is 3347567 composite?
True
Is 1897327 a composite number?
False
Is 2986129 a composite number?
False
Is 2215463 a prime number?
True
Is 7308115 a prime number?
False
Is 10318531 a prime number?
True
Is 27134719 a composite number?
True
Is 131111 composite?
False
Is 3347161 a composite number?
False
Is 7094019 composite?
True
Is 4548727 prime?
True
Is 251042579 a prime number?
True
Is 65675069 prime?
True
Is 4005433 composite?
False
Is 472559 a prime number?
True
Is 754627 a composite number?
False
Is 29638731 composite?
True
Is 4011361 prime?
False
Is 437765 a composite number?
True
Is 33926567 prime?
True
Is 4106129 composite?
True
Is 1014466477 prime?
True
Is 2201105 a prime number?
False
Is 2052883 composite?
True
Is 10381519 a prime number?
True
Is 43223 a prime number?
True
Is 1277233 a composite number?
False
Is 106684481 composite?
False
Is 2643319 composite?
True
Is 18818614 a prime number?
False
Is 6458839 composite?
True
Is 181706249 composite?
False
Is 3495229 a composite number?
False
Is 3682883 a prime number?
False
Is 5305249 a composite number?
True
Is 10473613 a composite number?
False
Is 16995989 prime?
True
Is 31325977 composite?
True
Is 9450167 composite?
False
Is 1133315 composite?
True
Is 25916199 prime?
False
Is 17874851 a composite number?
False
Is 129169 composite?
False
Is 8774159 a prime number?
False
Is 27950927 composite?
False
Is 394445273 composite?
False
Is 58530827 composite?
False
Is 2059381 a prime number?
True
Is 6704707 prime?
False
Is 508197 a composite number?
True
Is 8309099 composite?
True
Is 5816227 prime?
False
Is 290923 composite?
False
Is 35157806 a prime number?
False
Is 1514951 a prime number?
False
Is 10045283 composite?
True
Is 7726769 a prime number?
True
Is 3679873 prime?
False
Is 629597 a prime number?
False
Is 2382251 a prime number?
True
Is 1875919 a prime number?
False
Is 16606507 prime?
False
Is 4591079 a prime number?
True
Is 2634941 a prime number?
True
Is 62279267 prime?
True
Is 22863643 composite?
True
Is 3790187 a prime number?
True
Is 25498051 prime?
False
Is 63212321 prime?
False
Is 44797267 prime?
False
Is 1879753 a prime number?
False
Is 135790507 prime?
True
Is 891929 composite?
False
Is 18147697 a composite number?
False
Is 779493487 composite?
True
Is 317018483 prime?
False
Is 312669143 composite?
True
Is 5807207 a composite number?
True
Is 3584131 a composite number?
True
Is 1190957 a prime number?
False
Is 325825447 a composite number?
False
Is 27050431 prime?
True
Is 10392461 composite?
False
Is 160682531 a composite number?
True
Is 37530989 prime?
False
Is 7216291 a prime number?
True
Is 35158153 a composite number?
True
Is 6328193 a composite number?
False
Is 78684873 a prime number?
False
Is 26858654 a prime number?
False
Is 212689727 prime?
False
Is 6528185 composite?
True
Is 8935307 a prime number?
True
Is 49867 composite?
True
Is 24910189 a prime number?
False
Is 270863173 a composite number?
True
Is 12887419 prime?
False
Is 34641653 prime?
False
Is 3909265 a prime number?
False
Is 6725363 composite?
False
Is 27113 prime?
False
Is 69324341 a prime number?
True
Is 8892427 prime?
True
Is 103724879 a prime number?
False
Is 913793273 a composite number?
False
Is 7205069 prime?
True
Is 136813031 a prime number?
True
Is 55262433 a prime number?
False
Is 157895587 a prime number?
False
Is 565937 composite?
False
Is 1495553 composite?
False
Is 4430941 a composite number?
False
Is 1221499 composite?
False
Is 4142641 prime?
True
Is 3431849 a composite number?
False
Is 6039959 a composite number?
False
Is 20859779 a composite number?
True
Is 9405299 a composite number?
True
Is 145028453 composite?
True
Is 65676737 a prime number?
False
Is 2657713 composite?
True
Is 5268893 a composite number?
True
Is 376459961 prime?
True
Is 72097271 prime?
False
Is 9945965 a prime number?
False
Is 89901649 a prime number?
False
Is 21929213 composite?
True
Is 9257417 composite?
True
Is 54228901 a composite number?
True
Is 34280053 prime?
True
Is 2008367 a composite number?
False
Is 271644563 a composite number?
False
Is 7370719 a prime number?
True
Is 89094949 composite?
False
Is 16415797 composite?
True
Is 45659 a composite number?
False
Is 4442981 composite?
True
Is 10311193 prime?
True
Is 576089 prime?
True
Is 362081 prime?
True
Is 706418957 composite?
False
Is 115144283 a composite number?
False
Is 224292911 a composite number?
False
Is 1529737 prime?
False
Is 5048803 a prime number?
False
Is 83017577 a prime number?
False
Is 15087911 a composite number?
False
Is 45757617 composite?
True
Is 18727019 a composite number?
True
Is 12018509 a prime number?
True
Is 419623 prime?
True
Is 81341099 a prime number?
False
Is 73976429 prime?
True
Is 66849071 prime?
False
Is 9460887 prime?
False
Is 7596203 prime?
True
Is 6694639 composite?
True
Is 90893 prime?
False
Is 466853 a composite number?
False
Is 3048211 prime?
True
Is 309061 prime?
False
Is 27083729 a composite number?
False
Is 626062657 prime?
False
Is 178130539 composite?
True
Is 10672469 prime?
False
Is 36208867 a composite number?
False
Is 526027 a composite number?
False
Is 611122847 a composite number?
False
Is 27495518 a composite number?
True
Is 4722009 composite?
True
Is 23966891 composite?
True
Is 1503249145 prime?
False
Is 157149163 composite?
False
Is 17958403 composite?
False
Is 11451871 a prime number?
True
Is 4766731 a prime number?
False
Is 501299 composite?
False
Is 1851083 prime?
False
Is 373886987 prime?
True
Is 734047 a composite number?
False
Is 11642731 a prime number?
True
Is 5276077 prime?
True
Is 67390915 a composite number?
True
Is 15790813 composite?
False
Is 934418 a prime number?
False
Is 125163893 a prime number?
True
Is 5058322 composite?
True
Is 93701453 composite?
True
Is 9380893 prime?
True
Is 1404257 composite?
False
Is 2224727 composite?
True
Is 17005843 composite?
True
Is 986003 composite?
True
Is 1654867 a composite number?
True
Is 75462113 composite?
False
Is 409708483 a composite number?
True
Is 72223571 a composite number?
True
Is 82517993 a composite number?
False
Is 1622953 prime?
True
Is 7296041 prime?
True
Is 101149 a prime number?
True
Is 8890007 prime?
False
Is 1975967 prime?
False
Is 91857011 a composite number?
True
Is 3129749 a composite number?
True
Is 130063 composite?
True
Is 828673 prime?
True
Is 153578977 composite?
True
Is 2333759 composite?
False
Is 46888943 a prime number?
True
Is 2324929 composite?
False
Is 996901 prime?
False
Is 4549393 a prime number?
True
Is 35058583 composite?
True
Is 4611031 a prime number?
False
Is 10674733 prime?
True
Is 24972559 a composite number?
False
Is 4545613 a composite number?
True
Is 900001 a prime number?
True
Is 13413265 a prime number?
False
Is 1179929 prime?
True
Is 380292947 a prime number?
False
Is 518566903 composite?
False
Is 2572663 a composite number?
False
Is 4855105 a prime number?
False
Is 109207 a composite number?
True
Is 132150077 prime?
True
Is 20540237 a prime number?
False
Is 3640613 prime?
False
Is 195945403 composite?
True
Is 6230383 composite?
False
Is 1067551 composite?
False
Is 69318563 a prime number?
True
Is 404437 a prime number?
False
Is 705613 composite?
False
Is 558757 composite?
False
Is 140255463 a composite number?
True
Is 139583 a prime number?
False
Is 1583591 prime?
True
Is 2091581 prime?
True
Is 13904129 composite?
False
Is 73690979 prime?
False
Is 1988083 a prime number?
False
Is 